{"id":85,"date":"2024-11-12T12:37:09","date_gmt":"2024-11-12T11:37:09","guid":{"rendered":"https:\/\/www.menorcahost.com\/blog\/?page_id=85"},"modified":"2024-11-12T12:37:09","modified_gmt":"2024-11-12T11:37:09","slug":"sobre-mi","status":"publish","type":"page","link":"https:\/\/www.menorcahost.com\/blog\/sobre-mi\/","title":{"rendered":"Sobre mi"},"content":{"rendered":"<p><img loading=\"lazy\" decoding=\"async\" class=\"wp-image-31 size-thumbnail alignleft\" src=\"https:\/\/www.menorcahost.com\/blog\/wp-content\/uploads\/2023\/11\/foto_pere-3-150x150.jpg\" alt=\"\" width=\"150\" height=\"150\" \/>\u00a1Hola! Soy Pere Sales, un apasionado anfitri\u00f3n y asesor inmobiliario nacido y criado en la hermosa isla de Menorca. Mi amor por este lugar \u00fanico me ha llevado a dedicar mi vida a compartir su belleza con visitantes de todo el mundo y ayudar a las personas a encontrar su hogar ideal en la isla.<\/p>\n<p>En <a href=\"https:\/\/www.menorcahost.com\" target=\"_new\" rel=\"noopener\">Menorca Host<\/a>, gestiono la primera central de reservas de alojamientos tur\u00edsticos en Menorca, donde puedes encontrar m\u00e1s de 200 opciones cuidadosamente seleccionadas. Desde villas de lujo hasta acogedores apartamentos, garantizamos una experiencia aut\u00e9ntica y personalizada. Mi compromiso es ofrecer confort, atenci\u00f3n a los detalles y el mejor servicio para que cada hu\u00e9sped disfrute de la verdadera esencia de Menorca. Como anfitri\u00f3n destacado en Airbnb, me enorgullece haber dado la bienvenida a numerosos viajeros y ayudarlos a crear recuerdos inolvidables.<\/p>\n<p>Adem\u00e1s, como asesor inmobiliario profesional en <a href=\"https:\/\/www.calamorellrealestate.com\" target=\"_new\" rel=\"noopener\">Cala Morell Real Estate<\/a>, pongo mi experiencia al servicio de quienes desean comprar o vender propiedades en la isla. Con un enfoque cercano y transparente, acompa\u00f1o a mis clientes en cada paso, aprovechando al m\u00e1ximo las oportunidades del mercado local.<\/p>\n<p>Si buscas una estancia inolvidable o asesoramiento inmobiliario en Menorca, estar\u00e9 encantado de ayudarte. \u00a1Explora mi web y ponte en contacto para descubrir los rincones m\u00e1s m\u00e1gicos de la isla y hacer realidad tus sue\u00f1os!<\/p>\n","protected":false},"excerpt":{"rendered":"<p>\u00a1Hola! Soy Pere Sales, un apasionado anfitri\u00f3n y asesor inmobiliario nacido y criado en la hermosa isla de Menorca. Mi amor por este lugar \u00fanico me ha llevado a dedicar mi vida a compartir su belleza con visitantes de todo el mundo y ayudar a las personas a encontrar su hogar ideal en la isla. [&hellip;]<\/p>\n","protected":false},"author":1,"featured_media":0,"parent":0,"menu_order":0,"comment_status":"closed","ping_status":"closed","template":"","meta":{"footnotes":""},"class_list":["post-85","page","type-page","status-publish","hentry"],"_links":{"self":[{"href":"https:\/\/www.menorcahost.com\/blog\/wp-json\/wp\/v2\/pages\/85","targetHints":{"allow":["GET"]}}],"collection":[{"href":"https:\/\/www.menorcahost.com\/blog\/wp-json\/wp\/v2\/pages"}],"about":[{"href":"https:\/\/www.menorcahost.com\/blog\/wp-json\/wp\/v2\/types\/page"}],"author":[{"embeddable":true,"href":"https:\/\/www.menorcahost.com\/blog\/wp-json\/wp\/v2\/users\/1"}],"replies":[{"embeddable":true,"href":"https:\/\/www.menorcahost.com\/blog\/wp-json\/wp\/v2\/comments?post=85"}],"version-history":[{"count":2,"href":"https:\/\/www.menorcahost.com\/blog\/wp-json\/wp\/v2\/pages\/85\/revisions"}],"predecessor-version":[{"id":87,"href":"https:\/\/www.menorcahost.com\/blog\/wp-json\/wp\/v2\/pages\/85\/revisions\/87"}],"wp:attachment":[{"href":"https:\/\/www.menorcahost.com\/blog\/wp-json\/wp\/v2\/media?parent=85"}],"curies":[{"name":"wp","href":"https:\/\/api.w.org\/{rel}","templated":true}]}}